{"id":69,"date":"2017-04-14T16:20:24","date_gmt":"2017-04-14T16:20:24","guid":{"rendered":"https:\/\/tradroit.click\/futur\/?page_id=69"},"modified":"2017-04-15T17:35:09","modified_gmt":"2017-04-15T17:35:09","slug":"13-2","status":"publish","type":"page","link":"https:\/\/tradroit.click\/futur\/le-federalisme\/13-2\/","title":{"rendered":"13"},"content":{"rendered":"<p>devenir un double des Am\u00e9ricains, si amicaux et forts que soient nos liens avec eux.&nbsp; Nous avons notre propre \u00e9chelle de valeurs, nos propres attitudes devant la vie, qui ne sont ni anglaises, ni fran\u00e7aises, ni am\u00e9ricaines.&nbsp; Il suffit d&#8217;aller en Angleterre, en France ou aux \u00c9tats-Unis pour s&#8217;en rendre compte.<\/p>\n<p>L&#8217;existence d&#8217;une collectivit\u00e9 canadienne se manifeste \u00e9galement dans des institutions communes:&nbsp; le Parlement du Canada, une conception commune de l&#8217;ordre public, un seul et m\u00eame march\u00e9 qui d\u00e9pend d&#8217;un Canada uni, des institutions commerciales et financi\u00e8res communes, les chemins de fer nationaux et Air Canada, la Soci\u00e9t\u00e9 Radio-Canada et d&#8217;autres institutions nationales.&nbsp; Nous avons d\u00e9sormais aussi en commun notre propre drapeau et notre hymne national.&nbsp; Ces liens, ces manifestations de notre identit\u00e9 canadienne, nous les consid\u00e9rons souvent comme tout \u00e0 fait normaux; mais nous ne permettront pas leur destruction.<\/p>\n<p>L&#8217;existence d&#8217;une collectivit\u00e9 canadienne se manifeste \u00e9galement par la fa\u00e7on dont les Canadiens s&#8217;occupent les uns des autres.&nbsp; Le soin des sous-privil\u00e9gi\u00e9s ou des d\u00e9savantag\u00e9s n&#8217;est plus laiss\u00e9 \u00e0 la seule collectivit\u00e9 locale, au hasard des secours offerts par la municipalit\u00e9 ou l&#8217;institution de charit\u00e9.&nbsp; D&#8217;un bout \u00e0 l&#8217;autre du pays les Canadiens contribuent de nos jours \u00e0 maintenir \u00e0 un certain niveau le revenu de leurs concitoyens, o\u00f9 qu&#8217;ils habitent, gr\u00e2ce aux pensions de s\u00e9curit\u00e9 de la vieillesse, \u00e0 l&#8217;assurance-ch\u00f4mage et aux allocations familiales.&nbsp; Ils aident \u00e0 financer les paiements de p\u00e9r\u00e9quation qui permettent aux gouvernements des provinces \u00e0 revenu relativement faible d&#8217;assurer \u00e0 leur population une sant\u00e9, un bien-\u00eatre, une instruction et d&#8217;autres services publics convenables.&nbsp; Les Canadiens contribuent aussi, individuellement, aux programmes nationaux visant \u00e0 accro\u00eetre le bien-\u00eatre \u00e9conomique des r\u00e9gions plus pauvres que la leur.&nbsp; Voil\u00e0 ce qui se produit lorsque r\u00e9gne un esprit de solidarit\u00e9.&nbsp; Plus vif est cet esprit de solidarit\u00e9 nationale, plus grand est le d\u00e9sir des individus de contribuer au bien-\u00eatre des autres qui ne sont pas membres de leur groupement ou ne se trouvent pas dans leur r\u00e9gion.<\/p>\n<p>Il existe une collectivit\u00e9 canadienne m\u00eame dans un monde de plus en plus interd\u00e9pendant et, parfois, en d\u00e9pit de cette interd\u00e9pendance.&nbsp; Au long des ann\u00e9es, les hommes d&#8217;\u00c9tat canadiens ont insist\u00e9 sur leur droit \u00e0 n\u00e9gocier comme Canadiens et \u00e0 repr\u00e9senter leur pays comme Canadiens.&nbsp; Comme individus, les Canadiens ont pris position pour la libert\u00e9 et l&#8217;\u00e9galit\u00e9, et un grand nombre l&#8217;ont pay\u00e9 cher.&nbsp; L&#8217;\u00c9tat canadien a fourni un apport tout particulier aux affaires mondiales&nbsp;&#8212; aux Nations Unies et \u00e0 d&#8217;autres organismes et groupements internationaux.&nbsp; C&#8217;est comme Canadiens que nous avons contribu\u00e9 \u00e0 la paix du monde et au bien-\u00eatre de nations plus pauvres.<\/p>\n<p>Voil\u00e0 un peu de ce qu&#8217;est le Canada.&nbsp; Qu&#8217;en est-il de ses perspectives?&nbsp; Elles se rattachent \u00e0 ses riches ressources, humaines, naturelles et technologiques.&nbsp; La croissance de notre \u00e9conomie&nbsp;&#8212; d\u00e9j\u00e0 l&#8217;une des plus riches du monde&nbsp;&#8212; ne sera limit\u00e9e qu&#8217;en fonction de nos propres limitations en d\u00e9ter-<br \/>\n&nbsp;<br \/>\n13<br \/>\n&nbsp;<br \/>\n96030\u20143\u00bd<br \/>\n&nbsp;<\/p>\n","protected":false},"excerpt":{"rendered":"<p>devenir un double des Am\u00e9ricains, si amicaux et forts que soient nos liens avec eux.&nbsp; Nous avons notre propre \u00e9chelle de valeurs, nos propres attitudes devant la vie, qui ne sont ni anglaises, ni fran\u00e7aises, ni am\u00e9ricaines.&nbsp; Il suffit d&#8217;aller en Angleterre, en France ou aux \u00c9tats-Unis pour s&#8217;en rendre compte. L&#8217;existence d&#8217;une collectivit\u00e9 canadienne&#8230;<\/p>\n<p class=\"more-link-wrap\"><a href=\"https:\/\/tradroit.click\/futur\/le-federalisme\/13-2\/\" class=\"more-link\">Read More<span class=\"screen-reader-text\"> &ldquo;13&rdquo;<\/span> &raquo;<\/a><\/p>\n","protected":false},"author":1,"featured_media":0,"parent":8,"menu_order":0,"comment_status":"closed","ping_status":"open","template":"","meta":{"footnotes":""},"class_list":["post-69","page","type-page","status-publish","hentry"],"_links":{"self":[{"href":"https:\/\/tradroit.click\/futur\/wp-json\/wp\/v2\/pages\/69","targetHints":{"allow":["GET"]}}],"collection":[{"href":"https:\/\/tradroit.click\/futur\/wp-json\/wp\/v2\/pages"}],"about":[{"href":"https:\/\/tradroit.click\/futur\/wp-json\/wp\/v2\/types\/page"}],"author":[{"embeddable":true,"href":"https:\/\/tradroit.click\/futur\/wp-json\/wp\/v2\/users\/1"}],"replies":[{"embeddable":true,"href":"https:\/\/tradroit.click\/futur\/wp-json\/wp\/v2\/comments?post=69"}],"version-history":[{"count":0,"href":"https:\/\/tradroit.click\/futur\/wp-json\/wp\/v2\/pages\/69\/revisions"}],"up":[{"embeddable":true,"href":"https:\/\/tradroit.click\/futur\/wp-json\/wp\/v2\/pages\/8"}],"wp:attachment":[{"href":"https:\/\/tradroit.click\/futur\/wp-json\/wp\/v2\/media?parent=69"}],"curies":[{"name":"wp","href":"https:\/\/api.w.org\/{rel}","templated":true}]}}

<p>devenir un double des Américains, si amicaux et forts que soient nos liens avec eux.&nbsp; Nous avons notre propre échelle de valeurs, nos propres attitudes devant la vie, qui ne sont ni anglaises, ni françaises, ni américaines.&nbsp; Il suffit d&#8217;aller en Angleterre, en France ou aux États-Unis pour s&#8217;en rendre compte.</p>
<p>L&#8217;existence d&#8217;une collectivité canadienne se manifeste également dans des institutions communes:&nbsp; le Parlement du Canada, une conception commune de l&#8217;ordre public, un seul et même marché qui dépend d&#8217;un Canada uni, des institutions commerciales et financières communes, les chemins de fer nationaux et Air Canada, la Société Radio-Canada et d&#8217;autres institutions nationales.&nbsp; Nous avons désormais aussi en commun notre propre drapeau et notre hymne national.&nbsp; Ces liens, ces manifestations de notre identité canadienne, nous les considérons souvent comme tout à fait normaux; mais nous ne permettront pas leur destruction.</p>
<p>L&#8217;existence d&#8217;une collectivité canadienne se manifeste également par la façon dont les Canadiens s&#8217;occupent les uns des autres.&nbsp; Le soin des sous-privilégiés ou des désavantagés n&#8217;est plus laissé à la seule collectivité locale, au hasard des secours offerts par la municipalité ou l&#8217;institution de charité.&nbsp; D&#8217;un bout à l&#8217;autre du pays les Canadiens contribuent de nos jours à maintenir à un certain niveau le revenu de leurs concitoyens, où qu&#8217;ils habitent, grâce aux pensions de sécurité de la vieillesse, à l&#8217;assurance-chômage et aux allocations familiales.&nbsp; Ils aident à financer les paiements de péréquation qui permettent aux gouvernements des provinces à revenu relativement faible d&#8217;assurer à leur population une santé, un bien-être, une instruction et d&#8217;autres services publics convenables.&nbsp; Les Canadiens contribuent aussi, individuellement, aux programmes nationaux visant à accroître le bien-être économique des régions plus pauvres que la leur.&nbsp; Voilà ce qui se produit lorsque régne un esprit de solidarité.&nbsp; Plus vif est cet esprit de solidarité nationale, plus grand est le désir des individus de contribuer au bien-être des autres qui ne sont pas membres de leur groupement ou ne se trouvent pas dans leur région.</p>
<p>Il existe une collectivité canadienne même dans un monde de plus en plus interdépendant et, parfois, en dépit de cette interdépendance.&nbsp; Au long des années, les hommes d&#8217;État canadiens ont insisté sur leur droit à négocier comme Canadiens et à représenter leur pays comme Canadiens.&nbsp; Comme individus, les Canadiens ont pris position pour la liberté et l&#8217;égalité, et un grand nombre l&#8217;ont payé cher.&nbsp; L&#8217;État canadien a fourni un apport tout particulier aux affaires mondiales&nbsp;&#8212; aux Nations Unies et à d&#8217;autres organismes et groupements internationaux.&nbsp; C&#8217;est comme Canadiens que nous avons contribué à la paix du monde et au bien-être de nations plus pauvres.</p>
<p>Voilà un peu de ce qu&#8217;est le Canada.&nbsp; Qu&#8217;en est-il de ses perspectives?&nbsp; Elles se rattachent à ses riches ressources, humaines, naturelles et technologiques.&nbsp; La croissance de notre économie&nbsp;&#8212; déjà l&#8217;une des plus riches du monde&nbsp;&#8212; ne sera limitée qu&#8217;en fonction de nos propres limitations en déter-<br />
&nbsp;<br />
13<br />
&nbsp;<br />
96030—3½<br />
&nbsp;</p>

<p>devenir un double des Américains, si amicaux et forts que soient nos liens avec eux.&nbsp; Nous avons notre propre échelle de valeurs, nos propres attitudes devant la vie, qui ne sont ni anglaises, ni françaises, ni américaines.&nbsp; Il suffit d&#8217;aller en Angleterre, en France ou aux États-Unis pour s&#8217;en rendre compte. L&#8217;existence d&#8217;une collectivité canadienne&#8230;</p>
<p class="more-link-wrap"><a href="https://tradroit.click/futur/le-federalisme/13-2/" class="more-link">Read More<span class="screen-reader-text"> &ldquo;13&rdquo;</span> &raquo;</a></p>
