{"id":95,"date":"2017-04-14T16:24:31","date_gmt":"2017-04-14T16:24:31","guid":{"rendered":"https:\/\/tradroit.click\/futur\/?page_id=95"},"modified":"2017-05-17T04:12:24","modified_gmt":"2017-05-17T04:12:24","slug":"37-2","status":"publish","type":"page","link":"https:\/\/tradroit.click\/futur\/369-2\/37-2\/","title":{"rendered":"37"},"content":{"rendered":"<p>institutions centrales du syst\u00e8me f\u00e9d\u00e9ral.&nbsp; Nous disons cela parce que l&#8217;int\u00e9r\u00eat des provinces et celui des deux groupes linguistiques du pays ne sont pas et ne peuvent \u00eatre d\u00e9fendus simplement par l&#8217;exp\u00e9dient qui consiste \u00e0 transmettre aux gouvernements provinciaux des pouvoirs du gouvernement f\u00e9d\u00e9ral.&nbsp; Ces int\u00e9r\u00eats trouvent et doivent trouver une expression dans les garanties constitutionnelles et dans les institutions centrales du syst\u00e8me f\u00e9d\u00e9ral.&nbsp; Il s&#8217;ensuit que pour juger des pouvoirs dont les gouvernements provinciaux ont besoin afin de prot\u00e9ger au premier chef les int\u00e9r\u00eats linguistiques ou les int\u00e9r\u00eats provinciaux, on doit n\u00e9cessairement se placer dans la perspective des garanties constitutionnelles et de la repr\u00e9sentation de tels int\u00e9r\u00eats aupr\u00e8s des organes centraux de l&#8217;\u00c9tat.&nbsp; Sous pr\u00e9texte de prot\u00e9ger les droits linguistiques et les int\u00e9r\u00eats provinciaux, porter atteinte \u00e0 la capacit\u00e9 du gouvernement f\u00e9d\u00e9ral d&#8217;agir pour le Canada, alors que les garanties constitutionnelles et les institutions du syst\u00e8me f\u00e9d\u00e9ral pourraient r\u00e9aliser l&#8217;essentiel, serait v\u00e9ritablement desservir les Canadiens.&nbsp; De plus, le partage des pouvoirs entre les deux ordres de gouvernement devrait s&#8217;inspirer de r\u00e8gles fonctionnelles plut\u00f4t que se fonder sur des consid\u00e9rations ethniques.&nbsp; Ces r\u00e8gles fonctionnelles, on pourra les appliquer beaucoup plus ais\u00e9ment une fois r\u00e9solu le probl\u00e8me de la protection des droits linguistiques.<\/p>\n<p>Le gouvernement canadien propose donc que la discussion sur la r\u00e9partition des comp\u00e9tences ait lieu lors de conf\u00e9rences subs\u00e9quentes.&nbsp; Toutefois, en pr\u00e9vision de ces entretiens et afin de donner un aper\u00e7u des vues du gouvernement, nous croyons devoir exposer \u00e0 la Conf\u00e9rence certains des principes sur lesquels, \u00e0 notre avis, nous devrions nous appuyer.<\/p>\n<p>Le gouvernement canadien propose donc que la discussion sur la r\u00e9partition des comp\u00e9tences ait lieu lors de conf\u00e9rences subs\u00e9quentes.&nbsp; Toutefois, en pr\u00e9vision de ces entretiens et afin de donner un aper\u00e7u des vues du gouvernement, nous croyons devoir exposer \u00e0 la Conf\u00e9rence certains des principes sur lesquels, \u00e0 notre avis, nous devrions nous appuyer.<\/p>\n<p>En premier lieu, nous croyons que le Canada a besoin de gouvernements f\u00e9d\u00e9ral et provinciaux forts.&nbsp; Le champ d&#8217;action des pouvoirs publics est de nos jours si vaste et les probl\u00e8mes sont si nombreux qu&#8217;il n&#8217;est pas contradictoire de parler en ces termes.&nbsp; Les gouvernements eux-m\u00eames confirment ce point de vue lorsqu&#8217;ils affirment que leurs d\u00e9penses d\u00e9passent leurs ressources fiscales.&nbsp; Il y a aussi une autre raison de maintenir l&#8217;\u00e9quilibre entre les pouvoirs des gouvernements f\u00e9d\u00e9ral et provinciaux:&nbsp; la libert\u00e9 personnelle sera probablement mieux assur\u00e9e si aucun des deux ordres de gouvernement ne peut s&#8217;arroger un pouvoir pr\u00e9pond\u00e9rant sur le citoyen.<\/p>\n<p>Deuxi\u00e8mement, le gouvernement du Canada croit que certains domaines doivent relever du pouvoir f\u00e9d\u00e9ral si notre pays veut prosp\u00e9rer dans un monde moderne.&nbsp; Le Parlement canadien doit \u00eatre responsable des instruments principaux et inextricablement li\u00e9s de la politique \u00e9conomique afin de pouvoir stimuler l&#8217;emploi et freiner l&#8217;inflation.&nbsp; Il doit avoir la haute main sur la politique mon\u00e9taire et le cr\u00e9dit; il doit pouvoir jouer le r\u00f4le de stabilisateur dans la politique fiscale et tarifaire et en ce qui concerne la balance des paiements.&nbsp; Il doit \u00eatre responsable du commerce interprovincial et international.&nbsp; Il doit pouvoir prendre des mesures pour stimuler l&#8217;essor de l&#8217;\u00e9conomie, mesures qui, in\u00e9vitablement dans certains cas, et<br \/>\n&nbsp;<br \/>\n37<br \/>\n&nbsp;<\/p>\n","protected":false},"excerpt":{"rendered":"<p>institutions centrales du syst\u00e8me f\u00e9d\u00e9ral.&nbsp; Nous disons cela parce que l&#8217;int\u00e9r\u00eat des provinces et celui des deux groupes linguistiques du pays ne sont pas et ne peuvent \u00eatre d\u00e9fendus simplement par l&#8217;exp\u00e9dient qui consiste \u00e0 transmettre aux gouvernements provinciaux des pouvoirs du gouvernement f\u00e9d\u00e9ral.&nbsp; Ces int\u00e9r\u00eats trouvent et doivent trouver une expression dans les garanties&#8230;<\/p>\n<p class=\"more-link-wrap\"><a href=\"https:\/\/tradroit.click\/futur\/369-2\/37-2\/\" class=\"more-link\">Read More<span class=\"screen-reader-text\"> &ldquo;37&rdquo;<\/span> &raquo;<\/a><\/p>\n","protected":false},"author":1,"featured_media":0,"parent":369,"menu_order":37,"comment_status":"closed","ping_status":"open","template":"","meta":{"footnotes":""},"class_list":["post-95","page","type-page","status-publish","hentry"],"_links":{"self":[{"href":"https:\/\/tradroit.click\/futur\/wp-json\/wp\/v2\/pages\/95","targetHints":{"allow":["GET"]}}],"collection":[{"href":"https:\/\/tradroit.click\/futur\/wp-json\/wp\/v2\/pages"}],"about":[{"href":"https:\/\/tradroit.click\/futur\/wp-json\/wp\/v2\/types\/page"}],"author":[{"embeddable":true,"href":"https:\/\/tradroit.click\/futur\/wp-json\/wp\/v2\/users\/1"}],"replies":[{"embeddable":true,"href":"https:\/\/tradroit.click\/futur\/wp-json\/wp\/v2\/comments?post=95"}],"version-history":[{"count":0,"href":"https:\/\/tradroit.click\/futur\/wp-json\/wp\/v2\/pages\/95\/revisions"}],"up":[{"embeddable":true,"href":"https:\/\/tradroit.click\/futur\/wp-json\/wp\/v2\/pages\/369"}],"wp:attachment":[{"href":"https:\/\/tradroit.click\/futur\/wp-json\/wp\/v2\/media?parent=95"}],"curies":[{"name":"wp","href":"https:\/\/api.w.org\/{rel}","templated":true}]}}

<p>institutions centrales du système fédéral.&nbsp; Nous disons cela parce que l&#8217;intérêt des provinces et celui des deux groupes linguistiques du pays ne sont pas et ne peuvent être défendus simplement par l&#8217;expédient qui consiste à transmettre aux gouvernements provinciaux des pouvoirs du gouvernement fédéral.&nbsp; Ces intérêts trouvent et doivent trouver une expression dans les garanties constitutionnelles et dans les institutions centrales du système fédéral.&nbsp; Il s&#8217;ensuit que pour juger des pouvoirs dont les gouvernements provinciaux ont besoin afin de protéger au premier chef les intérêts linguistiques ou les intérêts provinciaux, on doit nécessairement se placer dans la perspective des garanties constitutionnelles et de la représentation de tels intérêts auprès des organes centraux de l&#8217;État.&nbsp; Sous prétexte de protéger les droits linguistiques et les intérêts provinciaux, porter atteinte à la capacité du gouvernement fédéral d&#8217;agir pour le Canada, alors que les garanties constitutionnelles et les institutions du système fédéral pourraient réaliser l&#8217;essentiel, serait véritablement desservir les Canadiens.&nbsp; De plus, le partage des pouvoirs entre les deux ordres de gouvernement devrait s&#8217;inspirer de règles fonctionnelles plutôt que se fonder sur des considérations ethniques.&nbsp; Ces règles fonctionnelles, on pourra les appliquer beaucoup plus aisément une fois résolu le problème de la protection des droits linguistiques.</p>
<p>Le gouvernement canadien propose donc que la discussion sur la répartition des compétences ait lieu lors de conférences subséquentes.&nbsp; Toutefois, en prévision de ces entretiens et afin de donner un aperçu des vues du gouvernement, nous croyons devoir exposer à la Conférence certains des principes sur lesquels, à notre avis, nous devrions nous appuyer.</p>
<p>Le gouvernement canadien propose donc que la discussion sur la répartition des compétences ait lieu lors de conférences subséquentes.&nbsp; Toutefois, en prévision de ces entretiens et afin de donner un aperçu des vues du gouvernement, nous croyons devoir exposer à la Conférence certains des principes sur lesquels, à notre avis, nous devrions nous appuyer.</p>
<p>En premier lieu, nous croyons que le Canada a besoin de gouvernements fédéral et provinciaux forts.&nbsp; Le champ d&#8217;action des pouvoirs publics est de nos jours si vaste et les problèmes sont si nombreux qu&#8217;il n&#8217;est pas contradictoire de parler en ces termes.&nbsp; Les gouvernements eux-mêmes confirment ce point de vue lorsqu&#8217;ils affirment que leurs dépenses dépassent leurs ressources fiscales.&nbsp; Il y a aussi une autre raison de maintenir l&#8217;équilibre entre les pouvoirs des gouvernements fédéral et provinciaux:&nbsp; la liberté personnelle sera probablement mieux assurée si aucun des deux ordres de gouvernement ne peut s&#8217;arroger un pouvoir prépondérant sur le citoyen.</p>
<p>Deuxièmement, le gouvernement du Canada croit que certains domaines doivent relever du pouvoir fédéral si notre pays veut prospérer dans un monde moderne.&nbsp; Le Parlement canadien doit être responsable des instruments principaux et inextricablement liés de la politique économique afin de pouvoir stimuler l&#8217;emploi et freiner l&#8217;inflation.&nbsp; Il doit avoir la haute main sur la politique monétaire et le crédit; il doit pouvoir jouer le rôle de stabilisateur dans la politique fiscale et tarifaire et en ce qui concerne la balance des paiements.&nbsp; Il doit être responsable du commerce interprovincial et international.&nbsp; Il doit pouvoir prendre des mesures pour stimuler l&#8217;essor de l&#8217;économie, mesures qui, inévitablement dans certains cas, et<br />
&nbsp;<br />
37<br />
&nbsp;</p>

<p>institutions centrales du système fédéral.&nbsp; Nous disons cela parce que l&#8217;intérêt des provinces et celui des deux groupes linguistiques du pays ne sont pas et ne peuvent être défendus simplement par l&#8217;expédient qui consiste à transmettre aux gouvernements provinciaux des pouvoirs du gouvernement fédéral.&nbsp; Ces intérêts trouvent et doivent trouver une expression dans les garanties&#8230;</p>
<p class="more-link-wrap"><a href="https://tradroit.click/futur/369-2/37-2/" class="more-link">Read More<span class="screen-reader-text"> &ldquo;37&rdquo;</span> &raquo;</a></p>
